{"id":48,"date":"2020-04-16T16:45:25","date_gmt":"2020-04-16T16:45:25","guid":{"rendered":"http:\/\/gut-elaune.de\/?page_id=48"},"modified":"2025-12-16T15:02:35","modified_gmt":"2025-12-16T15:02:35","slug":"elementor-48","status":"publish","type":"page","link":"https:\/\/www.gut-elaune.de\/","title":{"rendered":"Start"},"content":{"rendered":"\n<div class=\"wp-block-group alignwide\"><div class=\"wp-block-group__inner-container is-layout-flow wp-block-group-is-layout-flow\">\n<div class=\"wp-block-media-text alignwide is-image-fill\" style=\"grid-template-columns:45% auto\"><figure class=\"wp-block-media-text__media\" style=\"background-image:url(http:\/\/gut-elaune.de\/wp-content\/uploads\/2020\/04\/bild.jpg);background-position:50% 50%\"><img fetchpriority=\"high\" decoding=\"async\" width=\"1512\" height=\"2016\" src=\"http:\/\/gut-elaune.de\/wp-content\/uploads\/2020\/04\/bild.jpg\" alt=\"\" class=\"wp-image-7 size-full\" srcset=\"https:\/\/www.gut-elaune.de\/wp-content\/uploads\/2020\/04\/bild.jpg 1512w, https:\/\/www.gut-elaune.de\/wp-content\/uploads\/2020\/04\/bild-225x300.jpg 225w, https:\/\/www.gut-elaune.de\/wp-content\/uploads\/2020\/04\/bild-768x1024.jpg 768w\" sizes=\"(max-width: 1512px) 100vw, 1512px\" \/><\/figure><div class=\"wp-block-media-text__content\">\n<h1 class=\"wp-block-heading\" id=\"toll-dass-du-da-bist-1\">Toll, dass Du da bist.<\/h1>\n\n\n\n<h1 class=\"wp-block-heading\" id=\"herzlich-willkommen-auf-unserer-gutseite\">Herzlich Willkommen auf unserer Gutseite.<br><\/h1>\n\n\n\n<h2 class=\"wp-block-heading\" id=\"wie-du-dir-sicherlich-gut-vorstellen-kannst-wird-auf-elaune-oft-gelacht-aber-wir-haben-eine-harte-tur-ohne-gute-laune-kommst-du-richtig-gut-schlecht-rein-und-ohne-ein-lacheln-kommst-du-mega-schlecht-gut-rein-gut-das-ist-kein-problem-fur-dich-dann-sei-nicht-nur-ein-teil-sondern-ein-guter-teil-von-uns\">Wie Du Dir sicherlich gut vorstellen kannst, wird auf Elaune oft gelacht. Aber wir haben eine harte T\u00fcr. Ohne gute Laune kommst Du richtig gut schlecht rein.<br>Und ohne ein L\u00e4cheln kommst Du mega-schlecht gut rein.<br>Gut, das ist kein Problem f\u00fcr Dich?<br>Dann sei nicht nur ein Teil, sondern ein guter Teil von uns !<\/h2>\n\n\n\n<h2 class=\"wp-block-heading\" id=\"ich-freue-mich-schon-riesig-auf-unsere-gemeinsame-zeit-auf-elaune\">Ich freue mich schon riesig auf unsere gemeinsame Zeit auf Elaune.<\/h2>\n\n\n\n<h2 class=\"wp-block-heading\" id=\"das-wird-gut\">Das wird gut.<\/h2>\n\n\n\n<h2 class=\"wp-block-heading\" id=\"deinehelga\">Deine<br>Helga<\/h2>\n<\/div><\/div>\n<\/div><\/div>\n","protected":false},"excerpt":{"rendered":"<p>Toll, dass Du da bist. Herzlich Willkommen auf unserer Gutseite. Wie Du Dir sicherlich gut vorstellen kannst, wird auf Elaune oft gelacht. Aber wir haben eine harte T\u00fcr. Ohne gute Laune kommst Du richtig gut schlecht rein.Und ohne ein L\u00e4cheln kommst Du mega-schlecht gut rein.Gut, das ist kein Problem f\u00fcr Dich?Dann sei nicht nur ein [&hellip;]<\/p>\n","protected":false},"author":1,"featured_media":0,"parent":0,"menu_order":0,"comment_status":"closed","ping_status":"closed","template":"","meta":{"footnotes":""},"class_list":["post-48","page","type-page","status-publish","hentry","entry"],"_links":{"self":[{"href":"https:\/\/www.gut-elaune.de\/index.php?rest_route=\/wp\/v2\/pages\/48"}],"collection":[{"href":"https:\/\/www.gut-elaune.de\/index.php?rest_route=\/wp\/v2\/pages"}],"about":[{"href":"https:\/\/www.gut-elaune.de\/index.php?rest_route=\/wp\/v2\/types\/page"}],"author":[{"embeddable":true,"href":"https:\/\/www.gut-elaune.de\/index.php?rest_route=\/wp\/v2\/users\/1"}],"replies":[{"embeddable":true,"href":"https:\/\/www.gut-elaune.de\/index.php?rest_route=%2Fwp%2Fv2%2Fcomments&post=48"}],"version-history":[{"count":0,"href":"https:\/\/www.gut-elaune.de\/index.php?rest_route=\/wp\/v2\/pages\/48\/revisions"}],"wp:attachment":[{"href":"https:\/\/www.gut-elaune.de\/index.php?rest_route=%2Fwp%2Fv2%2Fmedia&parent=48"}],"curies":[{"name":"wp","href":"https:\/\/api.w.org\/{rel}","templated":true}]}}